001 (base 3) to base 9
10227861
-14223212 (base 5) to base 10
-148557
What is -2040132 (base 5) in base 3?
-1201100120
11101011011001010 (base 2) to base 8
353312
What is 22121040 (base 5) in base 11?
1212a4
6039b (base 13) to base 10
172001
Convert 11242434 (base 5) to base 8.
310725
What is 3a9103 (base 12) in base 15?
142420
-10101331 (base 4) to base 2
-100010001111101
What is 264416 (base 7) in base 13?
19766
What is -6520234 (base 11) in base 2?
-101011101110110111110110
2001121200021 (base 3) to base 13
2c4385
-1303233013 (base 4) to base 3
-220002021121
What is 1001101110001011011111 (base 2) in base 7?
30442606
Convert -9a6058 (base 13) to base 6.
-210010102
42455054 (base 6) to base 5
310024004
-624836 (base 10) to base 5
-124443321
Convert e1130 (base 15) to base 5.
140244040
Convert 57506c (base 13) to base 16.
1f8c0b
-323123 (base 7) to base 11
-39349
What is -13226745 (base 8) in base 6?
-143243421
What is 13010662 (base 7) in base 16?
11fe5d
What is 10011011011001010001 (base 2) in base 12?
268415
What is -13d1b (base 14) in base 2?
-1100000001000101
What is -57931 (base 14) in base 4?
-310001213
What is -6767341 (base 8) in base 5?
-432040000
What is 214205450 (base 6) in base 3?
21020020001110
Convert a0052 (base 11) to base 14.
3b53d
167821 (base 10) to base 6
3332541
-94519 (base 11) to base 4
-201213312
What is -13101313202 (base 4) in base 2?
-111010001110111100010
1488462 (base 10) to base 9
2717706
What is -10444443414 (base 5) in base 15?
-10672a9
What is -16806345 (base 9) in base 13?
-199a714
Convert -25c6b (base 13) to base 16.
-11250
Convert -313133310031 (base 4) to base 10.
-14548237
Convert 2025204 (base 6) to base 15.
1db5a
Convert 4556304 (base 10) to base 16.
458610
27201 (base 12) to base 15
10e57
What is 2115152 (base 7) in base 13?
8c87c
Convert -63113734 (base 8) to base 13.
-2a15c77
What is -3123103031 (base 4) in base 5?
-212221003
What is -122201211200 (base 3) in base 14?
-912dc
What is 1961438 (base 11) in base 3?
20020012110100
abbab (base 13) to base 2
1001100000111100001
What is -1133133202 (base 4) in base 6?
-12214454
-4174a (base 11) to base 12
-2b224
110010001001101010101100 (base 2) to base 7
216513565
4ba27 (base 13) to base 10
140134
Convert 172162 (base 14) to base 5.
202000011
169316 (base 12) to base 4
1133002002
11000100001010 (base 2) to base 14
480a
Convert 2030221 (base 6) to base 8.
276005
18401 (base 11) to base 8
62256
What is 528aa4 (base 11) in base 5?
204042014
What is -27aa85 (base 13) in base 12?
-3a7236
What is 1237033 (base 8) in base 15?
6bc04
-5570 (base 10) to base 4
-1113002
What is 4240408 (base 11) in base 16?
71f18a
2033635 (base 7) to base 9
411444
310121 (base 6) to base 8
60141
What is -55540230 (base 8) in base 2?
-101101101100000010011000
Convert 578248 (base 9) to base 10.
347210
What is 72deea (base 16) in base 5?
3411400140
Convert 211787 (base 10) to base 15.
42b42
What is -22101002221111 (base 3) in base 13?
-bca946
4531145 (base 7) to base 8
2112123
Convert -11787 (base 13) to base 16.
-7d34
-28a1a57 (base 13) to base 15
-1201371
-125436 (base 14) to base 7
-5230266
-53217 (base 10) to base 7
-311103
What is -72cb07 (base 13) in base 6?
-133311443
10300542 (base 8) to base 10
2195810
-1011220220120021 (base 3) to base 6
-1403341311
Convert -9861a (base 12) to base 6.
-4152034
Convert 1110001001010000010 (base 2) to base 12.
1a4282
What is -39e7e (base 15) in base 16?
-2d4af
30130133210 (base 4) to base 12
1113b98
What is -1245525524 (base 6) in base 10?
-14832700
Convert -1022001200012012 (base 3) to base 8.
-107051244
Convert 977372 (base 10) to base 15.
1448d2
What is -12560750 (base 8) in base 16?
-2ae1e8
Convert -25b59 (base 12) to base 15.
-10510
-2415645 (base 8) to base 14
-1335ad
3021223001 (base 4) to base 11
514694
What is -2279356 (base 11) in base 5?
-2004330424
What is -121030556 (base 7) in base 13?
-173b7a2
351dec (base 15) to base 6
130220540
120221202102100 (base 3) to base 6
501420400
-12d6162 (base 15) to base 3
-221120100022202
-1163ba (base 16) to base 9
-2126258
Convert c4ee7 (base 15) to base 8.
2303357
Convert 100112 (base 8) to base 9.
50041
Convert -262556 (base 12) to base 6.
-21231350
Convert 11326554 (base 9) to base 14.
a35ba3
What is -110101000111101011110101 (base 2) in base 15?
-1350e59
Convert -25501342 (base 6) to base 15.
-116972
What is -3009 (base 10) in base 14?
-114d
What is -7b09a (base 12) in base 13?
-59a0a
Convert 4666665 (base 8) to base 11.
79a698
-1070671 (base 8) to base 11
-18990a
100211321 (base 4) to base 8
204571
Convert -330b0b (base 13) to base 6.
-41430104
Convert -224864 (base 9) to base 5.
-13303332
Convert 345269 (base 10) to base 7.
2635421
514116 (base 10) to base 16
7d844
Convert -26462455 (base 7) to base 13.
-67375c
What is -120002 (base 7) in base 3?
-1002122102
What is -b7c0f (base 16) in base 14?
-158411
2686a (base 14) to base 9
154228
Convert 1214631 (base 10) to base 4.
10220202213
Convert -101059 (base 11) to base 13.
-58c2b
Convert 221213103110 (base 4) to base 10.
10908884
Convert -170475 (base 9) to base 3.
-12100112112
400616 (base 7) to base 3
10102122022
-100020021121 (base 3) to base 4
-230113132
115a551 (base 11) to base 6
111142512
What is 171b82a (base 12) in base 15?
642e5d
What is 4202480 (base 12) in base 15?
115c953
Convert 564343 (base 8) to base 10.
190691
11411044 (base 7) to base 14
1c4724
What is 83353 (base 11) in base 8?
355306
What is -305421145 (base 6) in base 11?
-2aa4612
Convert -1003230 (base 5) to base 13.
-740a
14521453 (base 6) to base 12
206289
Convert 11100101100001010011 (base 2) to base 10.
940115
1222243143 (base 5) to base 9
5456570
Convert -124336206 (base 7) to base 4.
-132103001331
What is 10111111100001 (base 2) in base 14?
4677
9d98d (base 15) to base 5
112023113
What is -114a9c (base 13) in base 14?
-a9829
Convert -2d072a (base 16) to base 5.
-1223412304
103110031 (base 4) to base 12
39951
Convert -11001110111010010001 (base 2) to base 5.
-204110010
What is 30a84 (base 13) in base 11?
5a7a9
Convert -101337 (base 12) to base 9.
-422317
Convert 513b660 (base 12) to base 4.
322031303220
What is -2071536 (base 8) in base 16?
-8735e
Convert 76224 (base 12) to base 4.
212002330
What is 50416452 (base 7) in base 2?
1111111110110111000011
1115510 (base 6) to base 10
56994
-4229 (base 10) to base 8
-10205
What is 253414104 (base 6) in base 3?
100021120200111
Convert -423655 (base 7) to base 3.
-10201200021
What is 471380 (base 9) in base 15?
58d7c
What is 4576535 (base 10) in base 7?
53620445
What is 7989700 (base 11) in base 16?
d552b4
What is 507841 (base 13) in base 16?
1c9561
Convert -451401150 (base 6) to base 9.
-16372043
-34599 (base 14) to base 10
-127339
What is deca5 (base 16) in base 15?
1305b9
134001443 (base 5) to base 10
687748
31324340 (base 5) to base 7
2135401
1094824 (base 10) to base 8
4132250
Convert -120254120 (base 6) to base 4.
-20220112200
Convert 4155337 (base 8) to base 16.
10dadf
What is 503366 (base 10) in base 5?
112101431
What is -76259 (base 12) in base 13?
-55c47
What is -dd22 (base 16) in base 10?
-56610
-93d26 (base 14) to base 10
-356558
What is -1041702 (base 8) in base 14?
-73bd8
-3143124013 (base 5) to base 13
-14a7781
-1724382 (base 11) to base 8
-13142331
What is 21160365 (base 7) in base 4?
12312200232
What is -121101001 (base 4) in base 13?
-38149
What is 2ca741 (base 16) in base 6?
142420053
What is 19d96 (base 16) in base 8?
316626
What is 5046405 (base 7) in base 4?
2102200230
Convert -153804 (base 11) to base 4.
-322121311
Convert 1bb903 (base 13) to base 16.
ad9f3
-204200223 (base 5) to base 7
-10140214
Convert 100110111011010001 (base 2) to base 15.
32396
What is 7a391 (base 13) in base 7?
1614516
Convert -1976a4 (base 11) to base 2.
-1001001111110000001
What is -354443 (base 14) in base 11?
-1031466
-110544100 (base 6) to base 2
-111101001011000100100
Convert 1220222021 (base 3) to base 12.
19b14
Convert 14304204 (base 8) to base 11.
1917a22
Convert 1001122122 (base 3) to base 4.
11012120
Convert -1370161 (base 11) to base 9.
-4382651
708873 (base 10) to base 3
1100000101120
What is -4a0b6 (base 14) in base 5?
-21300024
-1202122001 (base 3) to base 15
-a44d
12123300 (base 4) to base 14
9864
Convert -155